 - 7*f**2 + 3*f + 3. Let r be w(6). Is 6/r*(-220)/2 a multiple of 22?
True
Let a be ((-6)/5)/((-1)/(-5)). Let z = a + 11. Suppose z*u - 84 = 21. Is u a multiple of 13?
False
Let o be 6/(-9)*-1*12. Let y = 28 - o. Does 20 divide y?
True
Suppose 0 = -2*g + g + 2, 4*f = g + 86. Suppose -2*n = 3*p + 42, 3*p - n = n - 30. Let i = p + f. Is i a multiple of 9?
False
Let m(g) = g - 1. Let v(j) = j**2 + 3*j - 4. Let a(b) = -2*m(b) + v(b). Let r be a(3). Is (56/r)/(2/5) a multiple of 9?
False
Let y(z) = 18*z + 9. Let t(u) = u. Let j(c) = 12*t(c) - y(c). Let x be -1 - 7/((-2)/(-2)). Is 12 a factor of j(x)?
False
Suppose 0 = -5*y - 5*b + 520, 4*y + b - 227 = 186. Suppose 5*c - y = -33. Suppose 0*l + 3*l - p = c, 3*p = -15. Does 2 divide l?
False
Let b = 171 - 118. Is b a multiple of 22?
False
Suppose 0 = -5*s + 2*a + 1 + 47, -5*s = a - 36. Let y = 11 - s. Suppose 4*w - 3 = -5*b, -y*w - 3 + 10 = -b. Does 2 divide w?
True
Suppose -125 = 5*p - 0*p. Let x = p + 44. Does 19 divide x?
True
Is 3*-1*24/(-9) a multiple of 8?
True
Suppose -2*y + 14 = 4*d, 4*d + 2*y - 4 = 2*d. Does 2 divide d?
False
Let v(w) = 91*w**2 - 2*w + 1. Let s be v(1). Suppose 9*n - s = 4*n. Does 3 divide 5/2*n/15?
True
Let g(k) = 5*k**2 - k. Let p = -7 + 8. Let w be g(p). Suppose -32 = -w*i + 4. Does 9 divide i?
True
Let u(s) = 5*s**2 - 3 - 7*s + 0*s**2 - 4*s**2. Let p be 20/(-3)*12/(-8). Does 9 divide u(p)?
True
Suppose 3*f - 43 - 23 = 0. Is f a multiple of 11?
True
Let u = 96 + -57. Does 9 divide u?
False
Suppose -x = -23 + 90. Let s be 242/(-6) - 14/21. Let o = s - x. Is 14 a factor of o?
False
Suppose 0 = s + 3 - 18. Let g be (-57)/(1 + s/(-6)). Is 2 a factor of (-2)/(-8) - g/(-8)?
False
Let b(f) = -f**3 - 4*f**2 - 2*f + 1. Let r(i) = i**3 - 5*i**2 - 7*i. Let t be r(6). Is 26 a factor of b(t)?
False
Suppose 5*m + 21 - 131 = 0. Is m a multiple of 10?
False
Suppose 0 = -2*p + 18 - 2. Suppose -3*g + 3*w = -12, 20 = -5*g + p*g + 5*w. Is 3 a factor of g?
False
Let d(j) = -j**3 - 6*j**2 + 2*j - 10. Let w be d(-7). Let m = 39 - w. Is m a multiple of 14?
True
Let q(g) be the third derivative of -g**6/120 - g**5/30 + g**3/2 + 4*g**2. Let n be q(-3). Let o = n - 3. Is o a multiple of 9?
True
Let u(a) = a**3 + 4*a**2 - 6*a + 1. Let b be u(-5). Let t = 0 + b. Is 6 a factor of t?
True
Suppose 2*u - 80 = -2*u. Is u a multiple of 10?
True
Let j = -169 - -250. Is 30 a factor of j?
False
Is 4 a factor of 303/21 + (-4)/(-7)?
False
Suppose -4*z - 7 = 3*s - 20, 0 = -2*s - 5*z + 11. Suppose 5*v - p = 3*p - 2, s*v = -p + 9. Is 2 a factor of v/9 + (-43)/(-9)?
False
Suppose -6*i + 5*d - 185 = -i, 0 = 4*d + 12. Let k = -13 - i. Let t = k + -9. Does 13 divide t?
False
Let b be (-2)/(-6) + 68/12. Let k(j) = -3*j + 4*j + 6*j - 4. Is 19 a factor of k(b)?
True
Let c(d) = -d**3 - 6*d**2 - 7*d - 12. Let t be c(-8). Suppose 61 = z + 3*v, 3*z = 5*z - 4*v - t. Is 19 a factor of z?
True
Does 13 divide 6314/70 + 4/5?
True
Let p(j) = -j**2 + 4*j - 2. Let b be p(3). Suppose b = -t, -2*n + 5*t = -0*t - 43. Does 19 divide n?
True
Suppose 16 = 5*l + 4*f, l + 16 = 5*l + 4*f. Suppose 4*x - 2*s - 86 = -0*s, -s + 5 = l. Does 12 divide x?
True
Let r = -316 - -468. Suppose -13*b - r = -15*b. Does 19 divide b?
True
Let w(z) = -z**2 + 16*z - 2. Let a be w(9). Let k = a - 38. Is k a multiple of 18?
False
Suppose 5*b - 10 = -5*d, 2*b = -b. Let j be (-3)/(-6) + 49/2. Let u = j - d. Does 16 divide u?
False
Suppose 420 = s + 6*s. Does 15 divide s?
True
Let i = 4 - 3. Suppose -i = t - 23. Is t a multiple of 11?
True
Let n(y) = -y**3 + 10*y**2 - 8*y - 2. Let j be n(9). Suppose -j = -b + 7. Is 14 a factor of b?
True
Let i be 2 + -2 - -122 - 0. Let p = -53 + i. Is p a multiple of 23?
True
Let q(f) = 14*f**2 - 6*f - 10. Is q(-4) a multiple of 34?
True
Suppose -10*h = -9*h - 220. Is 10 a factor of h?
True
Suppose -j + 3*i + 68 = -i, 106 = 2*j - 2*i. Is j a multiple of 24?
True
Let n(r) = r**2 - 7*r + 8. Let f be n(6). Is 9 a factor of -7*-9*f/7?
True
Let q = -81 - -48. Let y = q - -50. Is y a multiple of 17?
True
Let s(v) = -v**2 + 8*v + 8. Let j = 15 + -8. Is s(j) a multiple of 7?
False
Let q(a) = -a**2 - 4*a + 3. Let j be q(-4). Does 23 divide (-2)/j*(-1071)/14?
False
Let c(p) = -p**2 + 5*p + 3. Let z(x) = -3*x - 4. Let y be z(-3). Let v be c(y). Suppose 0 = v*q + 2*m - 58 + 5, -5 = m. Does 8 divide q?
False
Suppose 0 = 16*f - 40 - 312. Is f a multiple of 6?
False
Let a be (-2)/12 + (-381)/(-18) + 0. Suppose 4*c + 20 = 6*c. Let f = a - c. Is f a multiple of 4?
False
Suppose 3*f - 81 = 3*o, -o + 39 = f - 6*o. Is (95/38)/(10/f) a multiple of 6?
True
Let s(l) = l**3 + 2*l**2 - l - 1. Let w = 17 - 12. Let k(z) = -z**3 + 4*z**2 + 4*z + 7. Let x be k(w). Is s(x) a multiple of 8?
False
Suppose 0*v - 134 = -2*v + 3*j, v - 66 = 2*j. Does 10 divide v?
True
Let s(b) be the second derivative of -b**5/20 + 5*b**4/12 + b**3/3 + 2*b**2 + b. Let y be s(5). Is 22 a factor of 105/y*(-36)/(-10)?
False
Let k be (-5)/(-5)*2/1. Suppose -k*s = -0*s + g - 20, 16 = 3*s + 5*g. Is 7 a factor of s?
False
Let r(s) = -7*s**3 + s. Is r(-1) a multiple of 3?
True
Let g(z) = -z**3 + 11*z**2 - 21*z + 16. Is g(8) a multiple of 10?
True
Suppose z - 346 = -3*f + 2*z, 5*z = 5*f - 590. Suppose w - f = 4*w. Let c = w - -75. Is 13 a factor of c?
False
Let s(k) be the second derivative of k**4/12 - k**3/6 - k**2/2 - 4*k. Does 14 divide s(-6)?
False
Let u(m) = -m**3 - 3*m**2 - m + 2. Suppose 5*h = 2*i - 23, -2*h + i = -0*i + 10. Does 5 divide u(h)?
True
Let q = -90 - -126. Is q a multiple of 6?
True
Let v(u) = -3*u**2 + 2 + 3*u + u**3 + u**2 - 3. Is 4 a factor of v(2)?
False
Is (-69)/(-2) + (-4)/8 a multiple of 34?
True
Let b = 67 - 47. Let w be 448/b - (-4)/(-10). Suppose -h + 3 = s - 1, s - w = -4*h. Does 3 divide h?
True
Let w be ((0 - 0)/(-1))/1. Suppose 0 = u - w*u + 4*t - 15, 0 = -4*u + t + 77. Does 19 divide u?
True
Let b(g) = g + 1 - 2 + 44. Suppose -2*c + 0*c = 0. Does 13 divide b(c)?
False
Let a be ((-75)/20)/(6/(-16)). Is (a/25)/(1/130) a multiple of 13?
True
Let g = 13 + 65. Suppose -5*m + 2*m + g = 0. Is 13 a factor of m?
True
Let s(x) = -2*x - 1. Let j be s(-2). Suppose j*u = 20 - 5. Is u a multiple of 5?
True
Let w = 111 + -60. Is 13 a factor of w?
False
Let r(b) = -21*b - 7. Let q be r(7). Let d be 2 + -3 - (q - -1). Does 9 divide d/5 - (-6)/(-15)?
False
Let p(d) = -4*d - 10 - 7 + 5. Does 16 divide p(-7)?
True
Suppose 24 = -14*w + 4014. Is 20 a factor of w?
False
Suppose 4*n = 2*n. Let a(m) = -10*m + n*m**2 + m**3 + m**2 - 2 + 5*m**2. Does 11 divide a(-7)?
False
Let z = -2 - -5. Suppose 2*y = -z*t + 77 + 74, -5*t = -4*y - 215. Does 22 divide t?
False
Suppose 7*d = 2*d - 100. Let h = -60 - -89. Let f = h + d. Is f a multiple of 7?
False
Let x(b) = 3*b - 4. Let u be x(4). Let g(h) = -h**2 + 10*h + 6. Is g(u) a multiple of 18?
False
Suppose -4*q - z = q - 100, 0 = 5*q - 4*z - 125. Let c be (-2)/(-7) - 6/q. Suppose 3*i + 7 - 37 = c. Is i a multiple of 5?
True
Suppose 0*s + 12 = 3*s. Suppose 0 = -5*i + z - 173, -s*i + z = 3*z + 130. Let q = i - -63. Is 11 a factor of q?
False
Suppose -3*t + 9*t = 234. Does 5 divide t?
False
Suppose -5*f - 11 + 46 = 0. Suppose p - f = u, -p - 2*u - 4 = -14. Does 2 divide p?
True
Let m(v) = v**3 + 15*v**2 + 15*v - 8. Let u be m(-14). Let c = u + 38. Suppose -l = -3*l - 2*a + 50, 4*a - c = 0. Is 6 a factor of l?
False
Let k(f) = 7*f + 5. Does 9 divide k(5)?
False
Suppose -2*k = 8*k - 880. Is 8 a factor of k?
True
Let r be (3/(-2))/(3/116). Let c = r - -99. Is 16 a factor of c?
False
Let q(z) = -z**2 + 2*z - 1. Let x be q(1). Does 2 divide (-3)/((-12)/16) + x?
True
Let f be (-4)/6 + 51/9. Suppose 5*i = 5*l - 28 + 118, 3*i = f*l + 84. Let x = l - -29. Does 7 divide x?
True
Let o = -30 - -42. Does 3 divide o?
True
Let d be 34*((-2)/2)/(-2). Let w = d + 28. Is w a multiple of 15?
True
Let k = 2 - -29. Is k a multiple of 19?
False
Let q(r) = -r**3 + 8*r**2 - 2*r - 2. Let x be q(3). Suppose 0 = -4*z + 18 + 22. Let v = x - z. Is v a multiple of 13?
False
Let k(j) = -3*j - 6. Let i(q) = q**2 - 9*q + 7. Let l be i(7). Does 5 divide k(l)?
True
Suppose -4*r + 2*s = -374, 2*r - r - 121 = -5*s. Is 14 a factor of r?
False
Suppose 0 = 4*s - 36. Suppose -21 = -b + s. Is 17 a factor of b?
False
Let q be (-1214)/(-22) + (-8)/44. Let d = q - 38. Is 17 a factor